4 and 384?
48
Calculate the greatest common factor of 28 and 518.
14
Calculate the greatest common factor of 245 and 5243.
49
What is the highest common factor of 779 and 41?
41
Calculate the greatest common divisor of 3657 and 106.
53
Calculate the greatest common divisor of 16 and 1392.
16
What is the greatest common divisor of 9 and 9?
9
What is the highest common factor of 319 and 58?
29
Calculate the highest common factor of 11286 and 24.
6
Calculate the highest common divisor of 27 and 1269.
27
Calculate the greatest common divisor of 3840 and 120.
120
Calculate the highest common divisor of 816 and 96.
48
What is the highest common factor of 23 and 5520?
23
What is the highest common divisor of 7635 and 45?
15
What is the highest common factor of 16 and 12?
4
What is the greatest common factor of 612 and 72?
36
What is the greatest common divisor of 9 and 22023?
9
What is the greatest common divisor of 344 and 129?
43
Calculate the greatest common factor of 64 and 648.
8
Calculate the highest common factor of 289 and 17.
17
Calculate the greatest common divisor of 363 and 66.
33
What is the greatest common factor of 9087 and 52?
13
What is the highest common divisor of 5 and 103?
1
Calculate the greatest common divisor of 1040 and 195.
65
Calculate the highest common divisor of 26 and 43615.
13
What is the greatest common factor of 1000 and 75?
25
What is the highest common divisor of 182 and 650?
26
What is the greatest common factor of 1936 and 16?
16
What is the highest common factor of 3745 and 35?
35
Calculate the highest common divisor of 539 and 98.
49
What is the highest common divisor of 108 and 60?
12
Calculate the greatest common divisor of 370 and 34595.
185
Calculate the highest common factor of 117 and 15.
3
Calculate the highest common divisor of 220 and 530.
10
What is the highest common divisor of 18 and 2088?
18
Calculate the greatest common divisor of 74 and 6.
2
Calculate the highest common divisor of 891 and 363.
33
What is the greatest common divisor of 46 and 20654?
46
What is the greatest common factor of 6 and 170?
2
Calculate the highest common divisor of 319 and 116.
29
Calculate the highest common factor of 679 and 7.
7
Calculate the greatest common divisor of 261 and 58.
29
What is the greatest common factor of 1325 and 25?
25
What is the greatest common factor of 12 and 7152?
12
What is the greatest common divisor of 91 and 14?
7
What is the highest common divisor of 266 and 114?
38
What is the highest common divisor of 70053 and 57?
57
What is the highest common divisor of 4 and 652?
4
What is the highest common factor of 42 and 4620?
42
Calculate the highest common factor of 2944 and 92.
92
Calculate the greatest common divisor of 19600 and 300.
100
What is the greatest common divisor of 2 and 19?
1
Calculate the greatest common divisor of 546 and 858.
78
What is the highest common factor of 87 and 899?
29
Calculate the highest common divisor of 1029 and 21.
21
What is the highest common factor of 448 and 544?
32
What is the greatest common divisor of 219 and 15?
3
What is the greatest common divisor of 856 and 321?
107
What is the highest common divisor of 74 and 11026?
74
Calculate the greatest common divisor of 8 and 912.
8
Calculate the greatest common factor of 207 and 9.
9
Calculate the greatest common factor of 324 and 27.
27
Calculate the greatest common factor of 6 and 5.
1
Calculate the highest common factor of 220 and 1364.
44
What is the greatest common factor of 24 and 3896?
8
Calculate the greatest common factor of 70 and 1730.
10
Calculate the greatest common divisor of 2823 and 21.
3
Calculate the highest common divisor of 50 and 100.
50
What is the highest common divisor of 180 and 20?
20
Calculate the greatest common divisor of 8 and 1996.
4
What is the greatest common divisor of 5945 and 580?
145
What is the greatest common factor of 63 and 14049?
63
Calculate the highest common divisor of 282 and 47.
47
Calculate the greatest common divisor of 45 and 585.
45
Calculate the highest common factor of 116 and 174.
58
Calculate the greatest common divisor of 17 and 24191.
17
Calculate the greatest common divisor of 53 and 38107.
53
Calculate the highest common divisor of 19 and 46607.
19
What is the greatest common divisor of 6485 and 10?
5
What is the highest common factor of 783 and 87?
87
What is the highest common divisor of 475 and 38?
19
Calculate the greatest common divisor of 89 and 3.
1
What is the greatest common factor of 245 and 441?
49
What is the highest common divisor of 30 and 1050?
30
Calculate the highest common factor of 36 and 189.
9
What is the greatest common factor of 256 and 160?
32
What is the greatest common divisor of 32 and 368?
16
What is the greatest common divisor of 64 and 1616?
16
What is the highest common factor of 18 and 44?
2
What is the highest common divisor of 273 and 21?
21
Calculate the greatest common factor of 4416 and 138.
138
Calculate the greatest common divisor of 1256 and 328.
8
Calculate the greatest common divisor of 2376 and 10152.
216
What is the highest common factor of 12950 and 175?
175
Calculate the highest common factor of 736 and 92.
92
What is the greatest common divisor of 78 and 36?
6
What is the greatest common factor of 189 and 54?
27
What is the greatest common divisor of 20 and 340?
20
What is the greatest common divisor of 1240 and 280?
40
Calculate the highest common factor of 477 and 10653.
159
What is the greatest common factor of 540 and 162?
54
What is the greatest common factor of 11209 and 11?
11
What is the greatest common divisor of 30 and 690?
30
What is the highest common divisor of 159 and 327?
3
What is the highest common divisor of 45 and 180?
45
What is the highest common factor of 270 and 12?
6
Calculate the highest common factor of 140 and 470.
10
What is the greatest common factor of 96 and 27?
3
What is the greatest common factor of 1430 and 77?
11
Calculate the highest common factor of 1924 and 1073.
37
What is the highest common divisor of 592 and 1147?
37
What is the greatest common factor of 20570 and 680?
170
Calculate the greatest common divisor of 109 and 2943.
109
What is the greatest common factor of 318 and 6519?
159
Calculate the highest common factor of 228 and 48.
12
Calculate the highest common divisor of 200 and 2500.
100
What is the greatest common factor of 1408 and 22?
22
Calculate the highest common factor of 19 and 1026.
19
Calculate the highest common factor of 693 and 63.
63
What is the highest common divisor of 704 and 192?
64
Calculate the highest common divisor of 3296 and 103.
103
Calculate the highest common divisor of 3444 and 84.
84
What is the highest common factor of 338 and 52?
26
What is the greatest common factor of 63 and 18?
9
What is the highest common divisor of 1565 and 5?
5
Calculate the greatest common factor of 136 and 872.
8
Calculate the highest common divisor of 1127 and 115.
23
What is the greatest common divisor of 27 and 4320?
27
What is the highest common factor of 25 and 9325?
25
Calculate the greatest common factor of 41 and 126.
1
What is the highest common factor of 36 and 3258?
18
What is the highest common factor of 56 and 504?
56
What is the greatest common factor of 9 and 531?
9
Calculate the greatest common divisor of 20 and 80.
20
What is the highest common divisor of 4089 and 87?
87
Calculate the highest common factor of 156 and 2532.
12
Calculate the highest common factor of 21 and 13545.
21
Calculate the highest common divisor of 189 and 351.
27
What is the greatest common factor of 310 and 40?
10
What is the greatest common divisor of 30 and 18640?
10
What is the highest common divisor of 18 and 17937?
9
Calculate the highest common divisor of 110 and 4.
2
What is the greatest common factor of 22649 and 11?
11
Calculate the highest common divisor of 351 and 377.
13
What is the greatest common divisor of 6 and 13047?
3
What is the greatest common factor of 77 and 7?
7
Calculate the highest common divisor of 22819 and 38.
19
What is the highest common divisor of 14 and 214?
2
What is the highest common divisor of 42262 and 113?
113
Calculate the highest common factor of 429 and 1573.
143
Calculate the highest common divisor of 756 and 112.
28